+ 102. Suppose a*y - 44 - 124 = 0. What is the greatest common divisor of 8 and y?
8
Suppose 86*t - 19*t = 1407. Let s = -141 + -18. Let m = -96 - s. Calculate the greatest common divisor of t and m.
21
Let p be 378/4 + -4 - (-17)/(-34). What is the highest common divisor of p and 160?
10
Suppose -3*z + 9*z = -103*z + 884535. Calculate the greatest common factor of 30 and z.
15
Let p(r) = -r**2 - 11*r + 2. Let l be p(-12). Let v be (-236)/l + (-56)/(-140). Let u = 119 - 83. What is the highest common factor of u and v?
12
Let k(g) = 236*g - 2622. Let i be k(22). What is the highest common divisor of 30 and i?
10
Let f(g) = -2*g**3 + 19*g**2 - 9*g + 13. Let m be f(9). Suppose -16*k + m*k + 423 = 0. Calculate the highest common factor of 94 and k.
47
Let u(y) = -65*y + 4. Let b be u(-5). Let r = 574 - b. Let i(k) = 8736*k + 17521. Let o be i(-2). Calculate the highest common divisor of o and r.
49
Suppose -696*f + 692*f + 2*a + 1126 = 0, -2*f + 4*a + 578 = 0. What is the highest common factor of 234 and f?
9
Suppose 5*y - 1407 = 303. Let o(p) = -2*p**2 + 34*p - 102. Let i be o(5). Calculate the greatest common divisor of i and y.
18
Let v(h) = 17*h + 9. Let d be v(3). Let g = d - 55. Suppose -66 = -g*q - q. Calculate the greatest common factor of 33 and q.
11
Let g(p) = 27*p - 12. Let x be g(-2). Let d = x - -186. Calculate the highest common divisor of 60 and d.
60
Suppose -59 = -4*n - p, -12*n + 10*n + 12 = 4*p. Suppose n = -4*r + 56. Calculate the highest common factor of 36 and r.
2
Let x(h) = -11*h + 38. Let g(l) = 11 - 78 + 12*l + 28. Let c(n) = -3*g(n) - 4*x(n). Let i be c(6). Calculate the highest common divisor of i and 65.
13
Let m(w) = w**2 + 23*w - 382. Let r be m(18). Calculate the greatest common factor of r and 4450.
178
Suppose 14*p + 25 = 18*p + 3*x, 2*x = -5*p + 40. Let k = 45 - 10. Calculate the highest common divisor of p and k.
5
Let y(v) = v**3 + 3*v**2 - 13*v - 64. Let x be y(6). Suppose -4*r + 2*r + 140 = 0. Calculate the highest common factor of r and x.
14
Suppose -3*x + 850 = -5*d, -560 + 1994 = 5*x - 4*d. Let v = 360 - x. What is the highest common factor of 70 and v?
70
Let k = -18 + 48. Let v = 80 + -130. Let o = 56 + v. Calculate the highest common factor of k and o.
6
Let z(p) = 2*p + 78. Let j be z(0). Let c(a) = a**3 - 15*a**2 + 31*a - 134. Let s be c(14). Calculate the greatest common divisor of j and s.
26
Let h = 5948 + -5833. Calculate the highest common divisor of 92 and h.
23
Suppose -3*s - 6 = 0, -2*s = f - 3*s - 10. Suppose -5*l - 147 = -p, -5*p - 2*l - 415 = -f*p. Let i = 248 - p. What is the highest common divisor of i and 37?
37
Let n(x) = 60*x - 9742. Let w be n(164). Suppose -4*s + 3*f - 4*f + 1767 = 0, 870 = 2*s - 4*f. What is the greatest common factor of w and s?
49
Let w(p) = -p**3 - 12*p**2 - 25*p - 94. Let j be w(-11). Let o be 25 - (-4 - (-3 + -1)). Calculate the highest common divisor of o and j.
5
Let r = -189 - -341. Suppose 0 = 3*n + 5*v - 48 + 14, -v - 22 = -3*n. Suppose -n*o - 76 = -12*o. What is the greatest common divisor of o and r?
19
Let f(y) = 519*y + 27. Let w be f(0). Calculate the highest common factor of w and 63.
9
Suppose 35011 + 39905 = 43*q - 164250. Calculate the highest common factor of 30 and q.
6
Let s be (-18 - (-2860)/154)/(1/105). What is the highest common factor of 3345 and s?
15
Let u = -16 - -21. Suppose 4*i - 917 = -6*m - 247, 2*m - 245 = 3*i. Calculate the greatest common divisor of m and u.
5
Let v(q) = q**3 - 10*q**2 - 31*q + 174. Let l be v(5). Let d(h) = 66*h - 2. Let i be d(3). Let p = l + i. Calculate the highest common factor of p and 135.
45
Suppose -3*w + 119 - 32 = 0. Let y be 2*-1 + (w - -3). Let a(x) = -x**2 - 4*x - 1. Let q be a(-2). Calculate the greatest common divisor of q and y.
3
Suppose -2*a - 1277 = -7*a - 4*d, -4*d = 4*a - 1024. What is the greatest common factor of a and 437?
23
Let n(s) = -s - 9*s**2 - 8*s**2 - 2*s. Let f be n(-1). Let i(d) = -d**3 - 13*d**2 + 15*d + 21. Let r be i(f). Calculate the highest common divisor of r and 49.
7
Suppose z - 11*t + 15*t = -739, 0 = -3*z - 4*t - 2233. Let f = 819 + z. What is the greatest common divisor of 8 and f?
8
Suppose -3609 = -11*j - 3543. What is the highest common factor of 975 and j?
3
Suppose 147526 = 38*g + 8180. Calculate the highest common factor of g and 19.
19
Let h = 102 + -97. Suppose -h*q = -p + 9, -2*p - 5*q + 14 = -4. What is the highest common factor of 2 and p?
1
Let y = 4183 + -3743. Calculate the greatest common factor of 16 and y.
8
Let k be 820/164 - (-2 - -2 - 310). What is the greatest common divisor of 75 and k?
15
Let l(t) = 4*t**3 - 5*t**2 + t - 6. Let r be l(5). Let k = r - 244. What is the highest common factor of k and 52?
26
Let h(o) = 100*o + 3023. Let t be h(-21). What is the greatest common divisor of 284 and t?
71
Let b(w) = 22*w**2 + w - 2. Let i = 334 - 336. Let g be b(i). Let a(s) = 41*s**2 + 1. Let z be a(-1). What is the highest common factor of z and g?
42
Let h be 26/6 - (-4)/6. Suppose 2158 = 58*q - 12922. Let d be 25/3*468/q. Calculate the highest common factor of h and d.
5
Let u(s) = -1153*s - 834. Let k be u(-2). What is the highest common factor of k and 56?
8
Suppose 0 = -5*l + 43 + 7. Let j = 328 - 336. Let n(m) = -5*m**2 - 44*m + 18. Let f be n(j). Calculate the highest common factor of l and f.
10
Let c = 18181 + -17771. What is the greatest common divisor of 810 and c?
10
Suppose 2299*k + 1380 = 2322*k. Suppose 5*z = 7 + 193. Calculate the greatest common divisor of z and k.
20
Let l be (1 + (-174)/(-4))/(1145/437390). What is the highest common divisor of l and 382?
191
Suppose 3*f + 271 = 23*f - 4369. What is the greatest common factor of 1247 and f?
29
Let j be 79/7 - 2/7. Let c = 354 - j. Let f = 61074 - 61025. What is the highest common divisor of c and f?
49
Suppose -3*y = -12, 4*l + 2*y - 4 = -24. Let m be (5 + l)*1*27. Let n be -3 + (4 - 4) - m. What is the greatest common factor of n and 68?
17
Let v = 288 - 177. Let w = v - 79. Suppose 3*s - 3*o - 255 = 0, 6*o + 270 = 13771*s - 13768*s. What is the greatest common factor of s and w?
16
Let c be (20/6 - 0)*(-6)/180*-1962. Calculate the highest common factor of 5014 and c.
218
Let v(p) = 13*p - 17. Let x be v(6). Let n be 110/4*(17 - 5)/(-6). Let o = x + n. What is the highest common divisor of 10 and o?
2
Let q be -126*2*(-1)/3. Let z = -77454 + 77475. Calculate the greatest common factor of z and q.
21
Suppose -42*j - 220*j + 18204 = -16*j. Let v = 20 - -17. What is the greatest common factor of j and v?
37
Let z(g) = -g**3 + 49*g**2 + 230*g + 292. Let v be z(53). Calculate the greatest common factor of 182 and v.
14
Suppose 746 = 7*j - 444. Let k = j - 163. What is the greatest common divisor of k and 112?
7
Suppose 0 = u - 837 + 151 - 1389. What is the greatest common divisor of u and 83?
83
Let l = 436 - 420. Suppose -145 = -2*y - 5*u, 0*y - u + 157 = 2*y. What is the greatest common factor of y and l?
16
Let r be 2 - -1 - (9 - -3). Let l = r - -18. Calculate the highest common divisor of l and 153.
9
Let q = -6228 - -6411. What is the highest common factor of q and 1037?
61
Let p(g) = -62*g - 1504. Let t be p(-29). Calculate the greatest common factor of 840 and t.
42
Let u(b) = 2*b**3 + 31*b**2 + 27*b + 65. Let o be u(-12). Calculate the greatest common divisor of 1070 and o.
107
Let u be ((-106)/(-8))/((-466)/(-6600) - (-44)/(-726)). Calculate the highest common divisor of u and 80.
5
Let s = 1565 + -1499. Calculate the highest common factor of 138 and s.
6
Suppose -y + 24 = y. Suppose 0 = -14*n - 8 + 8. Suppose 4*i - t = 22, -3*i + 8*i - 3*t - 24 = n. Calculate the highest common factor of y and i.
6
Let c be 1/(((-21)/(-30903))/7). Suppose -31*r - 877 = -c. Calculate the greatest common factor of r and 38.
38
Suppose -28*c + 8222 + 17006 = 0. Calculate the highest common divisor of c and 1643.
53
Let y(j) = -1377*j - 2239. Let u be y(-8). What is the highest common factor of 393 and u?
131
Let c(g) = -590*g + 321. Let p be c(-3). Calculate the highest common divisor of 102 and p.
51
Let d(b) = -35*b - 424. Let r be d(-20). Calculate the highest common divisor of r and 20.
4
Let a(r) = 59*r - 236. Let q be a(4). Suppose q = 13*w - 1884 - 4395. Calculate the greatest com